{"id":71,"date":"2014-02-16T22:42:18","date_gmt":"2014-02-16T22:42:18","guid":{"rendered":"http:\/\/www.sirkeskills.co.uk\/?page_id=71"},"modified":"2014-02-23T21:46:57","modified_gmt":"2014-02-23T21:46:57","slug":"norsk","status":"publish","type":"page","link":"https:\/\/sirkelskills.com\/?page_id=71","title":{"rendered":"Norsk"},"content":{"rendered":"<p>Les v\u00e5re sider p\u00e5 norsk<\/p>\n<ul>\n<li><a href=\"https:\/\/sirkelskills.com\/?page_id=48\">Hjem<\/a><\/li>\n<li><a href=\"https:\/\/sirkelskills.com\/?page_id=50\">Om oss<\/a><\/li>\n<li><a href=\"https:\/\/sirkelskills.com\/?page_id=66\">Tjenester<\/a>: <a href=\"https:\/\/sirkelskills.com\/?page_id=53\">Privat undervisining for barn<\/a>, <a href=\"https:\/\/sirkelskills.com\/?page_id=55\">privat undervismning for voksne<\/a>, <a href=\"https:\/\/sirkelskills.com\/?page_id=57\">l\u00e6re om kultur og skikker<\/a><\/li>\n<li><a href=\"https:\/\/sirkelskills.com\/?page_id=60\">Kontakt<\/a><\/li>\n<\/ul>\n","protected":false},"excerpt":{"rendered":"<p>Les v\u00e5re sider p\u00e5 norsk Hjem Om oss Tjenester: Privat undervisining for barn, privat undervismning for voksne, l\u00e6re om kultur og skikker Kontakt<\/p>\n","protected":false},"author":1,"featured_media":0,"parent":0,"menu_order":8,"comment_status":"closed","ping_status":"closed","template":"","meta":{"footnotes":""},"class_list":["post-71","page","type-page","status-publish","hentry"],"_links":{"self":[{"href":"https:\/\/sirkelskills.com\/index.php?rest_route=\/wp\/v2\/pages\/71","targetHints":{"allow":["GET"]}}],"collection":[{"href":"https:\/\/sirkelskills.com\/index.php?rest_route=\/wp\/v2\/pages"}],"about":[{"href":"https:\/\/sirkelskills.com\/index.php?rest_route=\/wp\/v2\/types\/page"}],"author":[{"embeddable":true,"href":"https:\/\/sirkelskills.com\/index.php?rest_route=\/wp\/v2\/users\/1"}],"replies":[{"embeddable":true,"href":"https:\/\/sirkelskills.com\/index.php?rest_route=%2Fwp%2Fv2%2Fcomments&post=71"}],"version-history":[{"count":4,"href":"https:\/\/sirkelskills.com\/index.php?rest_route=\/wp\/v2\/pages\/71\/revisions"}],"predecessor-version":[{"id":104,"href":"https:\/\/sirkelskills.com\/index.php?rest_route=\/wp\/v2\/pages\/71\/revisions\/104"}],"wp:attachment":[{"href":"https:\/\/sirkelskills.com\/index.php?rest_route=%2Fwp%2Fv2%2Fmedia&parent=71"}],"curies":[{"name":"wp","href":"https:\/\/api.w.org\/{rel}","templated":true}]}}